ate the remainder when w is divided by (-187)/(-9) - (-10)/45.
19
Let i = -41 + 59. Let r(g) = -37*g - 3. What is the remainder when r(-1) is divided by i?
16
Calculate the remainder when (-157 - 4)*4/(-14) is divided by 7.
4
Suppose f + 28 = 95. Suppose 2*x + 0*x = 34. What is the remainder when f is divided by x?
16
Let x(t) = 11*t**3 + 3*t**2 - t - 1. Let b(a) = -6*a**3 - 2*a**2 + 1. Let w(v) = 5*b(v) + 3*x(v). Calculate the remainder when 46 is divided by w(2).
14
Let l(f) = -4*f**2 - 60*f + 7. Calculate the remainder when l(-15) is divided by (-2)/(-2) - 2/(-1).
1
Let f be 2/2 - (5 - 1). Suppose 3*i + d = -i - 21, 4*i = 4*d + 4. Let z = f - i. Calculate the remainder when 1 is divided by z.
0
Calculate the remainder when (387/(-12))/(-3)*(7 - -1) is divided by 22.
20
Let f = 59 - 37. Suppose 342 = 2*q + f. Suppose q = 5*h - h. What is the remainder when h is divided by 14?
12
Suppose 4*x = 9 - 1. Let b = -14 + 25. What is the remainder when 20 - (0 - (x + -1)) is divided by b?
10
Suppose -z + 3*i = -3, -2*z - 4 + 10 = i. Suppose 52 = s - y, s - 2*y = -z*y + 60. Suppose 0 = -0*g + g - 19. What is the remainder when s is divided by g?
18
Suppose 3*l - 8 = 5*p + 57, -4*l = -2*p - 68. Suppose -2*d + 50 + 94 = 0. What is the remainder when d is divided by l?
12
Let x(a) = -a**3 + 6*a**2 - 2. Let g(h) = -h - 9. Let l be g(-4). Let f be (-2 + 1)/(1/l). What is the remainder when x(f) is divided by 12?
11
Let g = 8 - -6. Suppose -2*f + 13 = 3*a, -4*a - 5*f = -13 - 2. Calculate the remainder when -4*a*(1 + -3) is divided by g.
12
Suppose 2*u = -14 + 48. Suppose -6 = r - 4. Calculate the remainder when u is divided by ((-24)/(-18))/(r/(-9)).
5
Suppose 12*r - 273 = -21. Calculate the remainder when 56 is divided by r.
14
Let x = -16 + 26. Suppose 2*m = m. What is the remainder when (-3 - -31) + m/2 is divided by x?
8
Let v(k) = -k**2 - 6*k + 9. Calculate the remainder when 32 is divided by v(-4).
15
Calculate the remainder when 2 + 49 + 5 + 0 is divided by 23.
10
Let i(z) = -16*z**3 + 2*z + 1. Let b be i(-1). Let g = -12 + b. Calculate the remainder when 8 is divided by g.
2
Suppose 3*f + 8 = w - 2*f, -88 = -5*w + f. What is the remainder when 50 is divided by w?
14
Let v = 61 + -57. Let u = 25 + -11. Calculate the remainder when u is divided by v.
2
Calculate the remainder when 252 is divided by (-833)/(-196)*1*12.
48
Let h = -33 + 57. Calculate the remainder when 67 is divided by h.
19
Let y be (-14)/(-21)*(1 - -2). Let j = -4 + 26. Suppose y*r - 3*r + j = 0. What is the remainder when 43 is divided by r?
21
Suppose -12*n + 17*n - 350 = 0. What is the remainder when n is divided by 3?
1
Let b be (-1 - -1)/(9 - 7). Suppose 2*g + 2*v + 6 = 0, g + b*v - v = -1. Calculate the remainder when 19 is divided by g*1/((-2)/7).
5
Suppose 4*d = d - 54. Suppose -3*p = 2*p + 20. Calculate the remainder when 2 is divided by p/d + 7/9.
0
Suppose 66 = k - 4*v, 4 = -v - 0. Calculate the remainder when k is divided by 13.
11
Let h = -12 + 28. Let x(v) = 0*v**2 - 10 + 2*v**2 - 4*v**2 - 10*v + v**2. What is the remainder when h is divided by x(-8)?
4
Let u be (-3)/12*2*0. Suppose u = 4*h - 4*s - 12, -5*s = -h - 2*h + 15. Let d(n) = n**2 + 35. What is the remainder when d(h) is divided by 18?
17
Suppose n = 4*n - 33. Let k(w) be the second derivative of w**5/20 + 11*w**4/12 + 7*w**3/3 + 3*w**2 + 6*w. Calculate the remainder when k(-9) is divided by n.
9
Suppose 0*n - 34 = -3*k - 2*n, -6 = -k + 2*n. Calculate the remainder when 19 is divided by k.
9
Let r be 16/(3/(-5) + 1). Let s = r - 23. What is the remainder when s is divided by 9?
8
Let o(v) = v**2 + 14*v + 56. Calculate the remainder when 43 is divided by o(-11).
20
Let c = -21 - -72. Suppose c = 5*r + 6. What is the remainder when 24 is divided by r?
6
Let i(l) = -4*l**3 + 7 + 2*l**3 + l**3 - 7*l**2 - 2*l. What is the remainder when 40 is divided by i(-7)?
19
Let j(g) = g**3 - 3*g**2 + 4*g - 20. What is the remainder when 47 is divided by j(4)?
11
Suppose -13 - 253 = -7*w. Suppose -4 = -4*k + 12. Calculate the remainder when w is divided by 13/4*1*k.
12
Let i be 37/(0 - (2 - 3)). Calculate the remainder when i/5 + 6/(-15) is divided by 5.
2
Suppose 2*p + 2*d = 3 + 17, 0 = -5*p - 2*d + 65. Let k be (36/8)/(-9)*0. Suppose k = -b - 4*b + 290. What is the remainder when b is divided by p?
13
Suppose 271 = 8*o + 63. Calculate the remainder when 76 is divided by o.
24
Suppose 0 = -3*z + 45 - 6. Let o = z - 10. Calculate the remainder when o is divided by 2.
1
Let o(k) = -k**2 - 8*k - 3. Let z be o(-7). Suppose 6*g - g = 40. Suppose z*y = -g, -y + 3*y + 20 = 2*x. Calculate the remainder when 22 is divided by x.
6
Let r(p) = p**2 - 5*p + 4. Let u be r(5). Suppose -2*l + 2*b = -56, u*l = -2*b + 5*b + 114. What is the remainder when l is divided by 2/4 - 42/(-4)?
8
Let b(k) = -2*k**3 - 3*k**2 - 3*k + 6. Calculate the remainder when 206 is divided by b(-3).
38
Let n = -27 - -31. Suppose -2*m - 40 - 8 = -4*k, 0 = -3*k + 4*m + 26. Calculate the remainder when k is divided by n.
2
Let m be (-4)/20 - 161/(-5). Let y = m - 48. Calculate the remainder when 11 is divided by -3*(y/(-3))/(-4).
3
Let s(z) = z**2 - 6*z + 6. Calculate the remainder when 38 is divided by s(7).
12
Let w = 9 + 1. Suppose -3 = -4*s + 5. Let i = w - s. Calculate the remainder when 21 is divided by i.
5
Let z(n) = -n**2 + 2*n + 62. Calculate the remainder when z(0) is divided by 32.
30
Let g(u) = -u + 5. Let p be g(0). Suppose 0 = -4*y - m - 3, -2*y + 12 = -p*m + m. Let f = 9 + y. What is the remainder when 26 is divided by f?
8
Let n be (-1)/4 - 1650/(-40). Suppose 3*r - 19 = n. What is the remainder when r is divided by 11?
9
Suppose -18*m + 23*m = 100. Calculate the remainder when 39 is divided by m.
19
Suppose 2*j - 5*j = 60. Suppose 31 = 5*y + 3*k, -k - 33 = -3*y + 2*k. What is the remainder when (-468)/j + (-2)/5 is divided by y?
7
Let w(j) = 2*j**2 - 2*j + 8. Calculate the remainder when w(-5) is divided by 37.
31
Suppose -6*f + 4*f + 88 = 0. Let d = f + 12. What is the remainder when d is divided by 19?
18
Let p = 29 + -10. Suppose 2*r - p = 15. Let g(u) = 32*u**2 - u. Calculate the remainder when g(-1) is divided by r.
16
Suppose -79 - 222 = -2*i - 5*s, 3*i = 5*s + 414. Let x = i + -206. What is the remainder when 1/2 - x/2 is divided by 11?
10
Let y = 47 - 18. Let c = y - 0. What is the remainder when c is divided by 10?
9
Suppose 2*c + 148 = -152. Let m = -106 - c. What is the remainder when m is divided by 15?
14
Let r = 8 - 5. What is the remainder when 64 is divided by 2 + 15 + r - -2?
20
Calculate the remainder when 52 is divided by ((-2)/4)/(4/(-88)).
8
Suppose -4*y = y - 30. Let t = -51 - -108. Suppose -y = -2*k + 3*l + 8, -2*l - t = -5*k. Calculate the remainder when 25 is divided by k.
12
Let q = -7 - -29. Let w = -7 + q. What is the remainder when 59 is divided by w?
14
Suppose 4*l + 15 - 39 = 0. Calculate the remainder when (-2)/(-6) + 238/l is divided by 21.
19
Let d(g) = -g**3 + g**2 + 3*g + 8. What is the remainder when d(0) is divided by 5?
3
Let l = -1 + 3. Suppose -2*d - 6 = 5*s, d + 6 = l*s - d. Calculate the remainder when 26 + (3 - (3 + s)) is divided by 9.
8
Suppose -3*p + 4*c + 14 = -0*p, -4*p + 4 = 2*c. Let b(w) = 2*w - 3. Let i(q) = 1. Let v(k) = b(k) + 5*i(k). What is the remainder when 16 is divided by v(p)?
4
What is the remainder when 33 is divided by ((-2)/(-6))/((-1)/(-21))?
5
Let h = 6 - 10. Let m be (3/4)/((-1)/h). Let x(q) = -q**3 + 3*q**2 + 5*q - 4. Calculate the remainder when 32 is divided by x(m).
10
Let x be (1 + -1)/(5 + -4). Suppose 4*w + 0*l - 12 = 2*l, 4*l - 16 = x. What is the remainder when 9 is divided by w?
4
Let l be (-2 - 4) + -4 + 2. What is the remainder when 32 is divided by (-6 - l)/((-2)/(-11))?
10
Suppose -4*h + 3*i + 252 - 40 = 0, i - 284 = -5*h. What is the remainder when h is divided by 19?
18
Suppose -3*r = -4*k - 18, 4*r - 2*k = 3*k + 25. Calculate the remainder when 36 is divided by r.
6
Suppose -5*g + 75 = s, 5*s + 2*g - 252 = 77. What is the remainder when s is divided by 33?
32
Suppose d + x = 10, -4*d = d - 3*x - 42. What is the remainder when 35 is divided by d?
8
Suppose -5*l + p + 2*p + 165 = 0, -5*p = 2*l - 66. Calculate the remainder when 97 is divided by l.
31
Let q be ((-4)